- p + 75. Let s = -93 + 94. What is m(s)?
-4
Let f(z) = 0*z - 9 + z + 8 - 1. Suppose -3*a - 4 = -22. Give f(a).
4
Let k(d) = d + 6. Let y be -5 + (-1 - -2) + 7 + 0. Give k(y).
9
Let m(g) be the second derivative of -g**4/12 - 5*g**3/3 - 7*g**2/2 + 8*g - 9. Let v(h) = -h**2 + 5*h - 7. Let l be v(5). Calculate m(l).
14
Suppose -14*d + 32*d + 54 = 0. Let u(a) = -a**2 - 2*a + 2. What is u(d)?
-1
Suppose -2*a = -4*o - 8, -a + 3*a - 3*o - 9 = 0. Let g(b) = -b + 4. Determine g(a).
-2
Let q(d) be the first derivative of d**5/120 - d**4/8 - 10*d**3/3 - 9. Let b(l) be the third derivative of q(l). Suppose -3*s + 3 = -6. Give b(s).
0
Let z(s) = -3*s + 2. Let v(h) = -h - 1. Let r(y) = -4*v(y) + z(y). Let t(k) = -6. Let a(m) = 3*r(m) + 4*t(m). Let q = -3 + 8. Determine a(q).
9
Let v = -35376 + 35382. Let j(s) = s**3 - 5*s**2 - 9*s - 5. Let u(z) = z**3 - 5*z**2 - 10*z - 4. Let g(w) = -4*j(w) + 3*u(w). What is g(v)?
8
Let t(s) = -s**3 - 5*s**2 + 5*s + 24. Let o be t(-5). Let a(f) = 10*f**3 + 2*f**2 + 2*f + 1. What is a(o)?
-9
Let c(s) be the second derivative of 3/2*s**2 - 7/6*s**3 + 3*s + 0. What is c(-3)?
24
Let g(u) be the first derivative of -u**4/4 + 7*u**3/3 - 3*u**2 - u + 207. Let j(a) = -a**2 - 8*a - 1. Let c be j(-7). Give g(c).
-1
Let b(x) = 11*x - 34. Let j(u) = -5*u + 16. Let v(a) = 6*b(a) + 13*j(a). Determine v(0).
4
Let p(r) be the second derivative of -r**3/6 - 3*r**2/2 + 10*r + 4. Determine p(-5).
2
Let j(s) = 6*s + 1. Let a be j(-1). Let d(p) be the second derivative of -p**5/20 - 5*p**4/12 - p**3/3 + 2*p**2 - 245*p. Calculate d(a).
14
Let b(o) = o**2 - 7*o - 10. Suppose 2*q - 18 + 0 = -2*r, r = 5*q + 3. Calculate b(r).
-2
Let u(m) be the first derivative of -m**2 - 13*m - 31. Determine u(-9).
5
Suppose s + z = 2*z + 19, 2 = -z. Let b = -14 + s. Let u(d) = 5*d - 5 - d - d**3 + d + 2*d**b + 7*d**2. Calculate u(-6).
1
Let r(n) = n**2 - 5*n - 7. Let k = -98 - -101. Suppose 22 = 2*v + 4*b, 2 + 11 = v + k*b. Give r(v).
7
Let a(l) be the first derivative of l**3/3 + l + 77. Give a(4).
17
Let r = 7 - -8. Let c(v) = -3*v - 45 + 11 + r - v**2 + 17. Give c(-5).
-12
Let n(z) be the third derivative of -1/120*z**6 - 1/10*z**5 + 0*z**3 + 1/12*z**4 + 0 + 0*z + 27*z**2. Give n(-6).
-12
Let j(s) be the third derivative of -s**4/6 + s**3 - 16*s**2 - 4. Calculate j(-7).
34
Let z(r) = r**2 - 2*r - 10. Let a be z(6). Let s(t) = a*t + 1 - 12*t - 2*t**2 + t**2. Calculate s(3).
-2
Let p(r) = 2*r**2 + 6*r - 7. Let m(f) = -f**2 - 4*f + 4. Let z(h) = 5*m(h) + 2*p(h). Calculate z(-7).
13
Let v(p) be the second derivative of p**5/20 + p**4/12 - p**3/3 - p**2/2 + 11*p. Calculate v(2).
7
Let t(w) = w**2 - 14*w + 52. Let c be t(8). Let n(y) be the first derivative of -2*y**2 - 7 - 1/4*y**c - 4/3*y**3 - 3*y. Give n(-2).
-3
Let g(h) be the first derivative of h**4/4 - 4*h**3/3 - 7*h**2/2 + 2*h + 204. Suppose -5 = -4*i + 15. Give g(i).
-8
Let x(t) be the third derivative of -7/6*t**3 + 0*t + 0 + 0*t**4 - 1/60*t**5 - t**2. Suppose 333 = -2*o + h + 330, 0 = -5*o - h + 3. Determine x(o).
-7
Let f(h) be the first derivative of -h**4/4 - 5*h**3/3 - 5*h**2/2 + 2*h + 5. Let s be f(-4). Let t(k) = -2*k + 2*k - 5*k**2 - k**3 - s*k - 3. Determine t(-4).
5
Let s(m) = -m + 19. Let d be s(13). Let f = -12 + d. Let k(l) be the second derivative of -l**4/12 - l**3 + 7*l**2/2 - l. Calculate k(f).
7
Let c(h) = 2*h**2 + 20*h + 21. Let q be c(-9). Let u(p) = p**3 + 2*p**2 - 4*p + 4. What is u(q)?
37
Let l(w) = 4*w**2 + 2*w - 7. Let y(q) = 17 - 2*q - 6*q + 3*q - 9*q**2 - 4. Let s(u) = -7*l(u) - 3*y(u). What is s(0)?
10
Let r(i) be the first derivative of i**4/4 - i**2 + 2*i + 21. Let a = -9 + 11. What is r(a)?
6
Let g(p) be the first derivative of -1/3*p**3 - 8*p + 7 - 7/2*p**2. What is g(-6)?
-2
Let s(x) = x + 5. Let t = -33 + 44. Let y = t + -11. What is s(y)?
5
Suppose -10*n - 61 = -11. Let l(q) = -q**2 - 5*q - 2. Calculate l(n).
-2
Let q = 13 + -7. Let u(p) be the third derivative of 5/24*p**4 + 0 - 4*p**2 - 1/120*p**6 + 1/12*p**5 + 1/6*p**3 + 0*p. Give u(q).
-5
Suppose 2*l - 2 = l. Let x(s) = 2*s - 2*s - l*s + 2. Let y be -1 + (-1 - -3) + 2. Determine x(y).
-4
Let v(x) = -x**2 - 8*x + 2. Let b(u) = -u**2 + 11*u - 35. Let w be b(4). Give v(w).
9
Suppose 4 = -7*h + 3*h - 4*p, 2*p - 1 = h. Let q = 1 - h. Let s(w) = 0*w - 3*w**3 + 0*w**3 - w + 3*w**q - 2*w**2. Calculate s(1).
-3
Let r(z) = z**3 + 6*z**2 + 6*z - 3. Let q be r(-4). Suppose 10 = -q*h - 0*h. Let v(s) = -s**2 - 2. Calculate v(h).
-6
Let r(y) = y + 3. Let k be (-1)/5 + 2/10. Let x be (-8 - -8)*(k + 2/4). Give r(x).
3
Let z(a) = a - 4. Let d be z(0). Let b be (-2)/(-2) + (-8)/d. Let p(o) be the first derivative of o**3/3 - o**2/2 - 4*o - 15. Give p(b).
2
Let d(n) be the third derivative of -5*n**4/8 - 7*n**3/6 - 301*n**2. Give d(2).
-37
Let v(j) = -j**2 + 1. Let i(c) = -c - 16*c**2 + 9 + 18*c**2 + 2*c - 6. Let l(x) = -i(x) - v(x). Calculate l(0).
-4
Suppose 0 = 4*p + 1 - 9. Let c(z) = -2*z. Let l be c(-1). Let s(y) = -4*y**3 - 2*y**2 + 4*y + 0*y**3 - l + 3*y**3. What is s(p)?
-10
Let n(r) be the first derivative of -7 - 2*r - 3/2*r**2. What is n(-2)?
4
Suppose -4*i + 36 = 4*b, 4*i = 2*i - 3*b + 19. Let k(s) be the third derivative of -s**5/60 + 3*s**4/8 + 45*s**2 - 2. Give k(i).
8
Let y(w) = -5*w**2 - 1. Let k(c) = 11*c**2 + c + 3. Let v(f) = -2*k(f) - 5*y(f). Let x = -39 - -41. Give v(x).
7
Let u(g) = g**2 - 3*g - 3. Let n be u(4). Let v = n + 2. Let r(w) be the first derivative of w**4/4 - 2*w**3/3 - w**2 - 4*w + 694. Calculate r(v).
-1
Let b(z) be the first derivative of -z**4/4 + z**2/2 - 2*z - 5. Suppose -5*s - 14 = 2*q, q - 4*s - 8 = -2. Give b(q).
4
Let o(i) = i**3 + 17*i**2 - 13*i - 8. Let n(q) = q**2. Let d(h) = 6*n(h) - o(h). Determine d(-12).
-4
Let z(d) = 50*d**3 + d**2 + 6*d - 8. Let t(v) = 33*v**3 + v**2 + 4*v - 5. Let w(x) = 8*t(x) - 5*z(x). Give w(-1).
-13
Let p be 3/(-120)*-10*24. Let l(o) = -o**3 + 5*o**2 + 4*o - 3. What is l(p)?
-15
Let m(g) = 2*g**3 - g**2 - g. Let w be -12*(15/(-6) - -2). Let j(k) = -1 + w - 7*k - 2*k**2 + 3*k**2. Let u be j(6). Determine m(u).
-2
Let z(u) = 2 + u - 5 + 0 + 2*u - 3. Give z(0).
-6
Let p(r) = -r**3 + 7 + 10*r**2 + 0*r + 10*r - 1 - r**2. Determine p(10).
6
Let j(y) = y**3 + y**2 + y. Let x(f) = 36*f - 8*f**3 - 20*f - 2*f**2 + f**3 - 23*f. Let w(q) = 5*j(q) + x(q). Give w(2).
-8
Let b = -241 + 244. Let l(p) = p**2 - 2*p - 4. What is l(b)?
-1
Let q(u) = -10*u**2 + u. Let k = 1563 - 1562. Give q(k).
-9
Let a(o) = -o - 2. Let j be a(-8). Suppose -j*x + 30 = -x. Let y(m) = 2 - 3 - 4 - 26*m**2 + 5*m + 25*m**2. Calculate y(x).
-11
Let j(u) be the second derivative of -u**5/20 - 5*u**4/12 - 2*u**3/3 - u**2/2 + 121*u. Suppose 0*d - 3*d - 9 = 0. What is j(d)?
-7
Let b(u) = 13*u - 3. Let k = -32 + 26. Let d(t) = -7*t + 1. Let g(o) = k*b(o) - 11*d(o). Give g(-5).
12
Let j = -42 + 27. Let w = j - -19. Let c(i) = i**2 - 5*i - 3. Give c(w).
-7
Let t(j) = j**2 + 11*j + 17. Let z be 20/(-50)*245/14. What is t(z)?
-11
Suppose -u + 10 + 2 = -3*f, -12 = -3*u + f. Let a(r) = -r**2 + 2*r - 2. Determine a(u).
-5
Let b(z) = z - 2. Suppose -5*a + 40 = 5*w, -2*w - 3*a = 3*w - 48. Suppose -w = p - 4*p. Suppose -4*k + 2*k - 12 = p*m, 3*k - 2 = -m. What is b(k)?
0
Let t(y) be the third derivative of 13*y**5/10 + y**4/24 + 286*y**2. Give t(1).
79
Let b be 0/13 - 1*2. Let c(w) be the first derivative of -w**5/20 - w**4/6 - w**3/2 - 3*w**2/2 + w + 3. Let g(q) be the first derivative of c(q). Give g(b).
3
Let i(q) = 29*q**2 - q - 1. Let h = 71 - 72. What is i(h)?
29
Let g(b) = -465*b**2 + 229*b**2 + 11*b - 7 + 235*b**2. What is g(11)?
-7
Let n = -620 - -624. Let i(h) = -h**2 + 3*h - 5. Calculate i(n).
-9
Let p(t) be the first derivative of 3/2*t**2 + 14 + 1/2*t**3 - t. Let u(d) be the first derivative of p(d). Give u(-3).
-6
Let n(z) = 15*z**2 + 4*z - 2. Let j be n(1). Let r(k) = -1 + 2 + k - 3*k + 13*k**3 + j*k**2 - 15*k**2. Give r(1).
14
Let w = 0 + 12. Suppose -2*z + o + w = 5*o, o = -3*z + 13. Suppose 8*p = z*p + 12. Let x(u) = -u**3 + u**2 + u + 2. Determine x(p).
-13
Let m(x) be the third derivative of -11*x**5/30 - x**4/24 + 86*x**2. What is m(1)?
-23
Let i(y) = -4*y**3 - y**2 + y - 1. Let c(b) = -25*b**3 - 16*b**2 - 14*b - 18. Let n(k) = c(k) - 6*i(k). Calculate n(-8).
20
Let v(h) be the third derivati